{"id":945,"date":"2021-02-08T09:12:23","date_gmt":"2021-02-08T08:12:23","guid":{"rendered":"https:\/\/insieme.ch\/?post_type=theme&#038;p=945"},"modified":"2021-08-30T12:10:05","modified_gmt":"2021-08-30T10:10:05","slug":"handicap-mental","status":"publish","type":"theme","link":"https:\/\/insieme.ch\/fr\/theme\/handicap-mental\/","title":{"rendered":"Handicap mental"},"excerpt":{"rendered":"<p>La Suisse compte pr\u00e8s de 85&#8217;000 personnes avec un handicap mental. Beaucoup d\u2019entre elles n\u2019ont pas de diagnostic clair. Les diverses possibilit\u00e9s d&#8217;information, de soutien et de mise en r\u00e9seau [&hellip;]<\/p>\n","protected":false},"featured_media":2479,"parent":0,"menu_order":1,"template":"","class_list":["post-945","theme","type-theme","status-publish","has-post-thumbnail","hentry","wp-sticky"],"acf":[],"yoast_head":"<!-- This site is optimized with the Yoast SEO plugin v27.5 - https:\/\/yoast.com\/product\/yoast-seo-wordpress\/ -->\n<title>Handicap mental d\u00e9finition, personne avec handicap mental<\/title>\n<meta name=\"description\" content=\"Le handicap mental d\u00e9signe une alt\u00e9ration des capacit\u00e9s cognitives se manifestant lors de l&#039;apprentissage, l\u2019organisation, l&#039;abstraction ou l&#039;argumentation.\" \/>\n<meta name=\"robots\" content=\"index, follow, max-snippet:-1, max-image-preview:large, max-video-preview:-1\" \/>\n<link rel=\"canonical\" href=\"https:\/\/insieme.ch\/fr\/theme\/handicap-mental\/\" \/>\n<meta property=\"og:locale\" content=\"fr_FR\" \/>\n<meta property=\"og:type\" content=\"article\" \/>\n<meta property=\"og:title\" content=\"Handicap mental d\u00e9finition, personne avec handicap mental\" \/>\n<meta property=\"og:description\" content=\"Le handicap mental d\u00e9signe une alt\u00e9ration des capacit\u00e9s cognitives se manifestant lors de l&#039;apprentissage, l\u2019organisation, l&#039;abstraction ou l&#039;argumentation.\" \/>\n<meta property=\"og:url\" content=\"https:\/\/insieme.ch\/fr\/theme\/handicap-mental\/\" \/>\n<meta property=\"og:site_name\" content=\"insieme.ch\" \/>\n<meta property=\"article:modified_time\" content=\"2021-08-30T10:10:05+00:00\" \/>\n<meta property=\"og:image\" content=\"https:\/\/insieme.ch\/wp-inside\/uploads\/2021\/03\/vivre-avec-un-handicap-mental.jpg\" \/>\n\t<meta property=\"og:image:width\" content=\"800\" \/>\n\t<meta property=\"og:image:height\" content=\"534\" \/>\n\t<meta property=\"og:image:type\" content=\"image\/jpeg\" \/>\n<meta name=\"twitter:card\" content=\"summary_large_image\" \/>\n<meta name=\"twitter:label1\" content=\"Dur\u00e9e de lecture estim\u00e9e\" \/>\n\t<meta name=\"twitter:data1\" content=\"2 minutes\" \/>\n<script type=\"application\/ld+json\" class=\"yoast-schema-graph\">{\"@context\":\"https:\\\/\\\/schema.org\",\"@graph\":[{\"@type\":\"WebPage\",\"@id\":\"https:\\\/\\\/insieme.ch\\\/fr\\\/theme\\\/handicap-mental\\\/\",\"url\":\"https:\\\/\\\/insieme.ch\\\/fr\\\/theme\\\/handicap-mental\\\/\",\"name\":\"Handicap mental d\u00e9finition, personne avec handicap mental\",\"isPartOf\":{\"@id\":\"https:\\\/\\\/insieme.ch\\\/fr\\\/#website\"},\"primaryImageOfPage\":{\"@id\":\"https:\\\/\\\/insieme.ch\\\/fr\\\/theme\\\/handicap-mental\\\/#primaryimage\"},\"image\":{\"@id\":\"https:\\\/\\\/insieme.ch\\\/fr\\\/theme\\\/handicap-mental\\\/#primaryimage\"},\"thumbnailUrl\":\"https:\\\/\\\/insieme.ch\\\/wp-inside\\\/uploads\\\/2021\\\/03\\\/vivre-avec-un-handicap-mental.jpg\",\"datePublished\":\"2021-02-08T08:12:23+00:00\",\"dateModified\":\"2021-08-30T10:10:05+00:00\",\"description\":\"Le handicap mental d\u00e9signe une alt\u00e9ration des capacit\u00e9s cognitives se manifestant lors de l'apprentissage, l\u2019organisation, l'abstraction ou l'argumentation.\",\"breadcrumb\":{\"@id\":\"https:\\\/\\\/insieme.ch\\\/fr\\\/theme\\\/handicap-mental\\\/#breadcrumb\"},\"inLanguage\":\"fr-FR\",\"potentialAction\":[{\"@type\":\"ReadAction\",\"target\":[\"https:\\\/\\\/insieme.ch\\\/fr\\\/theme\\\/handicap-mental\\\/\"]}]},{\"@type\":\"ImageObject\",\"inLanguage\":\"fr-FR\",\"@id\":\"https:\\\/\\\/insieme.ch\\\/fr\\\/theme\\\/handicap-mental\\\/#primaryimage\",\"url\":\"https:\\\/\\\/insieme.ch\\\/wp-inside\\\/uploads\\\/2021\\\/03\\\/vivre-avec-un-handicap-mental.jpg\",\"contentUrl\":\"https:\\\/\\\/insieme.ch\\\/wp-inside\\\/uploads\\\/2021\\\/03\\\/vivre-avec-un-handicap-mental.jpg\",\"width\":800,\"height\":534,\"caption\":\"De nombreuses personnes avec un handicap mental n'ont pas de diagnostic clair.\"},{\"@type\":\"BreadcrumbList\",\"@id\":\"https:\\\/\\\/insieme.ch\\\/fr\\\/theme\\\/handicap-mental\\\/#breadcrumb\",\"itemListElement\":[{\"@type\":\"ListItem\",\"position\":1,\"name\":\"Accueil\",\"item\":\"https:\\\/\\\/insieme.ch\\\/fr\\\/\"},{\"@type\":\"ListItem\",\"position\":2,\"name\":\"Th\u00e8mes\",\"item\":\"https:\\\/\\\/insieme.ch\\\/fr\\\/theme\\\/\"},{\"@type\":\"ListItem\",\"position\":3,\"name\":\"Handicap mental\"}]},{\"@type\":\"WebSite\",\"@id\":\"https:\\\/\\\/insieme.ch\\\/fr\\\/#website\",\"url\":\"https:\\\/\\\/insieme.ch\\\/fr\\\/\",\"name\":\"insieme.ch\",\"description\":\"\",\"publisher\":{\"@id\":\"https:\\\/\\\/insieme.ch\\\/fr\\\/#organization\"},\"potentialAction\":[{\"@type\":\"SearchAction\",\"target\":{\"@type\":\"EntryPoint\",\"urlTemplate\":\"https:\\\/\\\/insieme.ch\\\/fr\\\/?s={search_term_string}\"},\"query-input\":{\"@type\":\"PropertyValueSpecification\",\"valueRequired\":true,\"valueName\":\"search_term_string\"}}],\"inLanguage\":\"fr-FR\"},{\"@type\":\"Organization\",\"@id\":\"https:\\\/\\\/insieme.ch\\\/fr\\\/#organization\",\"name\":\"insieme\",\"url\":\"https:\\\/\\\/insieme.ch\\\/fr\\\/\",\"logo\":{\"@type\":\"ImageObject\",\"inLanguage\":\"fr-FR\",\"@id\":\"https:\\\/\\\/insieme.ch\\\/fr\\\/#\\\/schema\\\/logo\\\/image\\\/\",\"url\":\"https:\\\/\\\/insieme.ch\\\/wp-inside\\\/uploads\\\/2021\\\/03\\\/logo-insieme.jpg\",\"contentUrl\":\"https:\\\/\\\/insieme.ch\\\/wp-inside\\\/uploads\\\/2021\\\/03\\\/logo-insieme.jpg\",\"width\":250,\"height\":250,\"caption\":\"insieme\"},\"image\":{\"@id\":\"https:\\\/\\\/insieme.ch\\\/fr\\\/#\\\/schema\\\/logo\\\/image\\\/\"}}]}<\/script>\n<!-- \/ Yoast SEO plugin. -->","yoast_head_json":{"title":"Handicap mental d\u00e9finition, personne avec handicap mental","description":"Le handicap mental d\u00e9signe une alt\u00e9ration des capacit\u00e9s cognitives se manifestant lors de l'apprentissage, l\u2019organisation, l'abstraction ou l'argumentation.","robots":{"index":"index","follow":"follow","max-snippet":"max-snippet:-1","max-image-preview":"max-image-preview:large","max-video-preview":"max-video-preview:-1"},"canonical":"https:\/\/insieme.ch\/fr\/theme\/handicap-mental\/","og_locale":"fr_FR","og_type":"article","og_title":"Handicap mental d\u00e9finition, personne avec handicap mental","og_description":"Le handicap mental d\u00e9signe une alt\u00e9ration des capacit\u00e9s cognitives se manifestant lors de l'apprentissage, l\u2019organisation, l'abstraction ou l'argumentation.","og_url":"https:\/\/insieme.ch\/fr\/theme\/handicap-mental\/","og_site_name":"insieme.ch","article_modified_time":"2021-08-30T10:10:05+00:00","og_image":[{"width":800,"height":534,"url":"https:\/\/insieme.ch\/wp-inside\/uploads\/2021\/03\/vivre-avec-un-handicap-mental.jpg","type":"image\/jpeg"}],"twitter_card":"summary_large_image","twitter_misc":{"Dur\u00e9e de lecture estim\u00e9e":"2 minutes"},"schema":{"@context":"https:\/\/schema.org","@graph":[{"@type":"WebPage","@id":"https:\/\/insieme.ch\/fr\/theme\/handicap-mental\/","url":"https:\/\/insieme.ch\/fr\/theme\/handicap-mental\/","name":"Handicap mental d\u00e9finition, personne avec handicap mental","isPartOf":{"@id":"https:\/\/insieme.ch\/fr\/#website"},"primaryImageOfPage":{"@id":"https:\/\/insieme.ch\/fr\/theme\/handicap-mental\/#primaryimage"},"image":{"@id":"https:\/\/insieme.ch\/fr\/theme\/handicap-mental\/#primaryimage"},"thumbnailUrl":"https:\/\/insieme.ch\/wp-inside\/uploads\/2021\/03\/vivre-avec-un-handicap-mental.jpg","datePublished":"2021-02-08T08:12:23+00:00","dateModified":"2021-08-30T10:10:05+00:00","description":"Le handicap mental d\u00e9signe une alt\u00e9ration des capacit\u00e9s cognitives se manifestant lors de l'apprentissage, l\u2019organisation, l'abstraction ou l'argumentation.","breadcrumb":{"@id":"https:\/\/insieme.ch\/fr\/theme\/handicap-mental\/#breadcrumb"},"inLanguage":"fr-FR","potentialAction":[{"@type":"ReadAction","target":["https:\/\/insieme.ch\/fr\/theme\/handicap-mental\/"]}]},{"@type":"ImageObject","inLanguage":"fr-FR","@id":"https:\/\/insieme.ch\/fr\/theme\/handicap-mental\/#primaryimage","url":"https:\/\/insieme.ch\/wp-inside\/uploads\/2021\/03\/vivre-avec-un-handicap-mental.jpg","contentUrl":"https:\/\/insieme.ch\/wp-inside\/uploads\/2021\/03\/vivre-avec-un-handicap-mental.jpg","width":800,"height":534,"caption":"De nombreuses personnes avec un handicap mental n'ont pas de diagnostic clair."},{"@type":"BreadcrumbList","@id":"https:\/\/insieme.ch\/fr\/theme\/handicap-mental\/#breadcrumb","itemListElement":[{"@type":"ListItem","position":1,"name":"Accueil","item":"https:\/\/insieme.ch\/fr\/"},{"@type":"ListItem","position":2,"name":"Th\u00e8mes","item":"https:\/\/insieme.ch\/fr\/theme\/"},{"@type":"ListItem","position":3,"name":"Handicap mental"}]},{"@type":"WebSite","@id":"https:\/\/insieme.ch\/fr\/#website","url":"https:\/\/insieme.ch\/fr\/","name":"insieme.ch","description":"","publisher":{"@id":"https:\/\/insieme.ch\/fr\/#organization"},"potentialAction":[{"@type":"SearchAction","target":{"@type":"EntryPoint","urlTemplate":"https:\/\/insieme.ch\/fr\/?s={search_term_string}"},"query-input":{"@type":"PropertyValueSpecification","valueRequired":true,"valueName":"search_term_string"}}],"inLanguage":"fr-FR"},{"@type":"Organization","@id":"https:\/\/insieme.ch\/fr\/#organization","name":"insieme","url":"https:\/\/insieme.ch\/fr\/","logo":{"@type":"ImageObject","inLanguage":"fr-FR","@id":"https:\/\/insieme.ch\/fr\/#\/schema\/logo\/image\/","url":"https:\/\/insieme.ch\/wp-inside\/uploads\/2021\/03\/logo-insieme.jpg","contentUrl":"https:\/\/insieme.ch\/wp-inside\/uploads\/2021\/03\/logo-insieme.jpg","width":250,"height":250,"caption":"insieme"},"image":{"@id":"https:\/\/insieme.ch\/fr\/#\/schema\/logo\/image\/"}}]}},"_links":{"self":[{"href":"https:\/\/insieme.ch\/fr\/wp-json\/wp\/v2\/theme\/945","targetHints":{"allow":["GET"]}}],"collection":[{"href":"https:\/\/insieme.ch\/fr\/wp-json\/wp\/v2\/theme"}],"about":[{"href":"https:\/\/insieme.ch\/fr\/wp-json\/wp\/v2\/types\/theme"}],"version-history":[{"count":5,"href":"https:\/\/insieme.ch\/fr\/wp-json\/wp\/v2\/theme\/945\/revisions"}],"predecessor-version":[{"id":9428,"href":"https:\/\/insieme.ch\/fr\/wp-json\/wp\/v2\/theme\/945\/revisions\/9428"}],"wp:featuredmedia":[{"embeddable":true,"href":"https:\/\/insieme.ch\/fr\/wp-json\/wp\/v2\/media\/2479"}],"wp:attachment":[{"href":"https:\/\/insieme.ch\/fr\/wp-json\/wp\/v2\/media?parent=945"}],"curies":[{"name":"wp","href":"https:\/\/api.w.org\/{rel}","templated":true}]}}

<p>La Suisse compte près de 85&#8217;000 personnes avec un handicap mental. Beaucoup d’entre elles n’ont pas de diagnostic clair. Les diverses possibilités d&#8217;information, de soutien et de mise en réseau [&hellip;]</p>

<!-- This site is optimized with the Yoast SEO plugin v27.5 - https://yoast.com/product/yoast-seo-wordpress/ -->
<title>Handicap mental définition, personne avec handicap mental</title>
<meta name="description" content="Le handicap mental désigne une altération des capacités cognitives se manifestant lors de l&#039;apprentissage, l’organisation, l&#039;abstraction ou l&#039;argumentation." />
<meta name="robots" content="index, follow, max-snippet:-1, max-image-preview:large, max-video-preview:-1" />
<link rel="canonical" href="https://insieme.ch/fr/theme/handicap-mental/" />
<meta property="og:locale" content="fr_FR" />
<meta property="og:type" content="article" />
<meta property="og:title" content="Handicap mental définition, personne avec handicap mental" />
<meta property="og:description" content="Le handicap mental désigne une altération des capacités cognitives se manifestant lors de l&#039;apprentissage, l’organisation, l&#039;abstraction ou l&#039;argumentation." />
<meta property="og:url" content="https://insieme.ch/fr/theme/handicap-mental/" />
<meta property="og:site_name" content="insieme.ch" />
<meta property="article:modified_time" content="2021-08-30T10:10:05+00:00" />
<meta property="og:image" content="https://insieme.ch/wp-inside/uploads/2021/03/vivre-avec-un-handicap-mental.jpg" />
	<meta property="og:image:width" content="800" />
	<meta property="og:image:height" content="534" />
	<meta property="og:image:type" content="image/jpeg" />
<meta name="twitter:card" content="summary_large_image" />
<meta name="twitter:label1" content="Durée de lecture estimée" />
	<meta name="twitter:data1" content="2 minutes" />
<script type="application/ld+json" class="yoast-schema-graph">{"@context":"https:\/\/schema.org","@graph":[{"@type":"WebPage","@id":"https:\/\/insieme.ch\/fr\/theme\/handicap-mental\/","url":"https:\/\/insieme.ch\/fr\/theme\/handicap-mental\/","name":"Handicap mental définition, personne avec handicap mental","isPartOf":{"@id":"https:\/\/insieme.ch\/fr\/#website"},"primaryImageOfPage":{"@id":"https:\/\/insieme.ch\/fr\/theme\/handicap-mental\/#primaryimage"},"image":{"@id":"https:\/\/insieme.ch\/fr\/theme\/handicap-mental\/#primaryimage"},"thumbnailUrl":"https:\/\/insieme.ch\/wp-inside\/uploads\/2021\/03\/vivre-avec-un-handicap-mental.jpg","datePublished":"2021-02-08T08:12:23+00:00","dateModified":"2021-08-30T10:10:05+00:00","description":"Le handicap mental désigne une altération des capacités cognitives se manifestant lors de l'apprentissage, l’organisation, l'abstraction ou l'argumentation.","breadcrumb":{"@id":"https:\/\/insieme.ch\/fr\/theme\/handicap-mental\/#breadcrumb"},"inLanguage":"fr-FR","potentialAction":[{"@type":"ReadAction","target":["https:\/\/insieme.ch\/fr\/theme\/handicap-mental\/"]}]},{"@type":"ImageObject","inLanguage":"fr-FR","@id":"https:\/\/insieme.ch\/fr\/theme\/handicap-mental\/#primaryimage","url":"https:\/\/insieme.ch\/wp-inside\/uploads\/2021\/03\/vivre-avec-un-handicap-mental.jpg","contentUrl":"https:\/\/insieme.ch\/wp-inside\/uploads\/2021\/03\/vivre-avec-un-handicap-mental.jpg","width":800,"height":534,"caption":"De nombreuses personnes avec un handicap mental n'ont pas de diagnostic clair."},{"@type":"BreadcrumbList","@id":"https:\/\/insieme.ch\/fr\/theme\/handicap-mental\/#breadcrumb","itemListElement":[{"@type":"ListItem","position":1,"name":"Accueil","item":"https:\/\/insieme.ch\/fr\/"},{"@type":"ListItem","position":2,"name":"Thèmes","item":"https:\/\/insieme.ch\/fr\/theme\/"},{"@type":"ListItem","position":3,"name":"Handicap mental"}]},{"@type":"WebSite","@id":"https:\/\/insieme.ch\/fr\/#website","url":"https:\/\/insieme.ch\/fr\/","name":"insieme.ch","description":"","publisher":{"@id":"https:\/\/insieme.ch\/fr\/#organization"},"potentialAction":[{"@type":"SearchAction","target":{"@type":"EntryPoint","urlTemplate":"https:\/\/insieme.ch\/fr\/?s={search_term_string}"},"query-input":{"@type":"PropertyValueSpecification","valueRequired":true,"valueName":"search_term_string"}}],"inLanguage":"fr-FR"},{"@type":"Organization","@id":"https:\/\/insieme.ch\/fr\/#organization","name":"insieme","url":"https:\/\/insieme.ch\/fr\/","logo":{"@type":"ImageObject","inLanguage":"fr-FR","@id":"https:\/\/insieme.ch\/fr\/#\/schema\/logo\/image\/","url":"https:\/\/insieme.ch\/wp-inside\/uploads\/2021\/03\/logo-insieme.jpg","contentUrl":"https:\/\/insieme.ch\/wp-inside\/uploads\/2021\/03\/logo-insieme.jpg","width":250,"height":250,"caption":"insieme"},"image":{"@id":"https:\/\/insieme.ch\/fr\/#\/schema\/logo\/image\/"}}]}</script>
<!-- / Yoast SEO plugin. -->

Handicap mental définition, personne avec handicap mental

Le handicap mental désigne une altération des capacités cognitives se manifestant lors de l'apprentissage, l’organisation, l'abstraction ou l'argumentation.

Thèmes
