{"id":1759,"date":"2021-03-04T16:35:38","date_gmt":"2021-03-04T15:35:38","guid":{"rendered":"https:\/\/insieme.ch\/?post_type=theme&#038;p=1759"},"modified":"2021-08-30T12:13:47","modified_gmt":"2021-08-30T10:13:47","slug":"diagnostic","status":"publish","type":"theme","link":"https:\/\/insieme.ch\/fr\/theme\/handicap-mental\/diagnostic\/","title":{"rendered":"Diagnostic"},"excerpt":{"rendered":"<p>Les examens permettant d\u2019\u00e9tablir un diagnostic sont g\u00e9n\u00e9ralement r\u00e9alis\u00e9s durant l\u2019enfance. Mais \u00e9tablir un diagnostic clair n\u2019est pas toujours possible.<\/p>\n","protected":false},"featured_media":2473,"parent":945,"menu_order":0,"template":"","class_list":["post-1759","theme","type-theme","status-publish","has-post-thumbnail","hentry","wp-sticky"],"acf":[],"yoast_head":"<!-- This site is optimized with the Yoast SEO plugin v27.4 - https:\/\/yoast.com\/product\/yoast-seo-wordpress\/ -->\n<title>Diagnostic handicap mental, Diagnostic pr\u00e9natal &amp; enfant<\/title>\n<meta name=\"description\" content=\"Les examens ayant pour but de diagnostiquer une d\u00e9ficience sont g\u00e9n\u00e9ralement men\u00e9s durant l\u2019enfance. Des examens peuvent aussi \u00eatre r\u00e9alis\u00e9s \u00e0 l\u2019\u00e2ge adulte.\" \/>\n<meta name=\"robots\" content=\"index, follow, max-snippet:-1, max-image-preview:large, max-video-preview:-1\" \/>\n<link rel=\"canonical\" href=\"https:\/\/insieme.ch\/fr\/theme\/handicap-mental\/diagnostic\/\" \/>\n<meta property=\"og:locale\" content=\"fr_FR\" \/>\n<meta property=\"og:type\" content=\"article\" \/>\n<meta property=\"og:title\" content=\"Diagnostic handicap mental, Diagnostic pr\u00e9natal &amp; enfant\" \/>\n<meta property=\"og:description\" content=\"Les examens ayant pour but de diagnostiquer une d\u00e9ficience sont g\u00e9n\u00e9ralement men\u00e9s durant l\u2019enfance. Des examens peuvent aussi \u00eatre r\u00e9alis\u00e9s \u00e0 l\u2019\u00e2ge adulte.\" \/>\n<meta property=\"og:url\" content=\"https:\/\/insieme.ch\/fr\/theme\/handicap-mental\/diagnostic\/\" \/>\n<meta property=\"og:site_name\" content=\"insieme.ch\" \/>\n<meta property=\"article:modified_time\" content=\"2021-08-30T10:13:47+00:00\" \/>\n<meta property=\"og:image\" content=\"https:\/\/insieme.ch\/wp-inside\/uploads\/2021\/03\/handicap-mental-diagnostic.jpg\" \/>\n\t<meta property=\"og:image:width\" content=\"1024\" \/>\n\t<meta property=\"og:image:height\" content=\"652\" \/>\n\t<meta property=\"og:image:type\" content=\"image\/jpeg\" \/>\n<meta name=\"twitter:card\" content=\"summary_large_image\" \/>\n<meta name=\"twitter:label1\" content=\"Dur\u00e9e de lecture estim\u00e9e\" \/>\n\t<meta name=\"twitter:data1\" content=\"5 minutes\" \/>\n<script type=\"application\/ld+json\" class=\"yoast-schema-graph\">{\"@context\":\"https:\\\/\\\/schema.org\",\"@graph\":[{\"@type\":\"WebPage\",\"@id\":\"https:\\\/\\\/insieme.ch\\\/fr\\\/theme\\\/handicap-mental\\\/diagnostic\\\/\",\"url\":\"https:\\\/\\\/insieme.ch\\\/fr\\\/theme\\\/handicap-mental\\\/diagnostic\\\/\",\"name\":\"Diagnostic handicap mental, Diagnostic pr\u00e9natal & enfant\",\"isPartOf\":{\"@id\":\"https:\\\/\\\/insieme.ch\\\/fr\\\/#website\"},\"primaryImageOfPage\":{\"@id\":\"https:\\\/\\\/insieme.ch\\\/fr\\\/theme\\\/handicap-mental\\\/diagnostic\\\/#primaryimage\"},\"image\":{\"@id\":\"https:\\\/\\\/insieme.ch\\\/fr\\\/theme\\\/handicap-mental\\\/diagnostic\\\/#primaryimage\"},\"thumbnailUrl\":\"https:\\\/\\\/insieme.ch\\\/wp-inside\\\/uploads\\\/2021\\\/03\\\/handicap-mental-diagnostic.jpg\",\"datePublished\":\"2021-03-04T15:35:38+00:00\",\"dateModified\":\"2021-08-30T10:13:47+00:00\",\"description\":\"Les examens ayant pour but de diagnostiquer une d\u00e9ficience sont g\u00e9n\u00e9ralement men\u00e9s durant l\u2019enfance. Des examens peuvent aussi \u00eatre r\u00e9alis\u00e9s \u00e0 l\u2019\u00e2ge adulte.\",\"breadcrumb\":{\"@id\":\"https:\\\/\\\/insieme.ch\\\/fr\\\/theme\\\/handicap-mental\\\/diagnostic\\\/#breadcrumb\"},\"inLanguage\":\"fr-FR\",\"potentialAction\":[{\"@type\":\"ReadAction\",\"target\":[\"https:\\\/\\\/insieme.ch\\\/fr\\\/theme\\\/handicap-mental\\\/diagnostic\\\/\"]}]},{\"@type\":\"ImageObject\",\"inLanguage\":\"fr-FR\",\"@id\":\"https:\\\/\\\/insieme.ch\\\/fr\\\/theme\\\/handicap-mental\\\/diagnostic\\\/#primaryimage\",\"url\":\"https:\\\/\\\/insieme.ch\\\/wp-inside\\\/uploads\\\/2021\\\/03\\\/handicap-mental-diagnostic.jpg\",\"contentUrl\":\"https:\\\/\\\/insieme.ch\\\/wp-inside\\\/uploads\\\/2021\\\/03\\\/handicap-mental-diagnostic.jpg\",\"width\":1024,\"height\":652,\"caption\":\"La mesure par ultrasons est une des nombreuses proc\u00e9dures de diagnostic. Photo World Bank Photo Collection Flickr via Compfight CC.\"},{\"@type\":\"BreadcrumbList\",\"@id\":\"https:\\\/\\\/insieme.ch\\\/fr\\\/theme\\\/handicap-mental\\\/diagnostic\\\/#breadcrumb\",\"itemListElement\":[{\"@type\":\"ListItem\",\"position\":1,\"name\":\"Accueil\",\"item\":\"https:\\\/\\\/insieme.ch\\\/fr\\\/\"},{\"@type\":\"ListItem\",\"position\":2,\"name\":\"Th\u00e8mes\",\"item\":\"https:\\\/\\\/insieme.ch\\\/fr\\\/theme\\\/\"},{\"@type\":\"ListItem\",\"position\":3,\"name\":\"Handicap mental\",\"item\":\"https:\\\/\\\/insieme.ch\\\/fr\\\/theme\\\/handicap-mental\\\/\"},{\"@type\":\"ListItem\",\"position\":4,\"name\":\"Diagnostic\"}]},{\"@type\":\"WebSite\",\"@id\":\"https:\\\/\\\/insieme.ch\\\/fr\\\/#website\",\"url\":\"https:\\\/\\\/insieme.ch\\\/fr\\\/\",\"name\":\"insieme.ch\",\"description\":\"\",\"publisher\":{\"@id\":\"https:\\\/\\\/insieme.ch\\\/fr\\\/#organization\"},\"potentialAction\":[{\"@type\":\"SearchAction\",\"target\":{\"@type\":\"EntryPoint\",\"urlTemplate\":\"https:\\\/\\\/insieme.ch\\\/fr\\\/?s={search_term_string}\"},\"query-input\":{\"@type\":\"PropertyValueSpecification\",\"valueRequired\":true,\"valueName\":\"search_term_string\"}}],\"inLanguage\":\"fr-FR\"},{\"@type\":\"Organization\",\"@id\":\"https:\\\/\\\/insieme.ch\\\/fr\\\/#organization\",\"name\":\"insieme\",\"url\":\"https:\\\/\\\/insieme.ch\\\/fr\\\/\",\"logo\":{\"@type\":\"ImageObject\",\"inLanguage\":\"fr-FR\",\"@id\":\"https:\\\/\\\/insieme.ch\\\/fr\\\/#\\\/schema\\\/logo\\\/image\\\/\",\"url\":\"https:\\\/\\\/insieme.ch\\\/wp-inside\\\/uploads\\\/2021\\\/03\\\/logo-insieme.jpg\",\"contentUrl\":\"https:\\\/\\\/insieme.ch\\\/wp-inside\\\/uploads\\\/2021\\\/03\\\/logo-insieme.jpg\",\"width\":250,\"height\":250,\"caption\":\"insieme\"},\"image\":{\"@id\":\"https:\\\/\\\/insieme.ch\\\/fr\\\/#\\\/schema\\\/logo\\\/image\\\/\"}}]}<\/script>\n<!-- \/ Yoast SEO plugin. -->","yoast_head_json":{"title":"Diagnostic handicap mental, Diagnostic pr\u00e9natal & enfant","description":"Les examens ayant pour but de diagnostiquer une d\u00e9ficience sont g\u00e9n\u00e9ralement men\u00e9s durant l\u2019enfance. Des examens peuvent aussi \u00eatre r\u00e9alis\u00e9s \u00e0 l\u2019\u00e2ge adulte.","robots":{"index":"index","follow":"follow","max-snippet":"max-snippet:-1","max-image-preview":"max-image-preview:large","max-video-preview":"max-video-preview:-1"},"canonical":"https:\/\/insieme.ch\/fr\/theme\/handicap-mental\/diagnostic\/","og_locale":"fr_FR","og_type":"article","og_title":"Diagnostic handicap mental, Diagnostic pr\u00e9natal & enfant","og_description":"Les examens ayant pour but de diagnostiquer une d\u00e9ficience sont g\u00e9n\u00e9ralement men\u00e9s durant l\u2019enfance. Des examens peuvent aussi \u00eatre r\u00e9alis\u00e9s \u00e0 l\u2019\u00e2ge adulte.","og_url":"https:\/\/insieme.ch\/fr\/theme\/handicap-mental\/diagnostic\/","og_site_name":"insieme.ch","article_modified_time":"2021-08-30T10:13:47+00:00","og_image":[{"width":1024,"height":652,"url":"https:\/\/insieme.ch\/wp-inside\/uploads\/2021\/03\/handicap-mental-diagnostic.jpg","type":"image\/jpeg"}],"twitter_card":"summary_large_image","twitter_misc":{"Dur\u00e9e de lecture estim\u00e9e":"5 minutes"},"schema":{"@context":"https:\/\/schema.org","@graph":[{"@type":"WebPage","@id":"https:\/\/insieme.ch\/fr\/theme\/handicap-mental\/diagnostic\/","url":"https:\/\/insieme.ch\/fr\/theme\/handicap-mental\/diagnostic\/","name":"Diagnostic handicap mental, Diagnostic pr\u00e9natal & enfant","isPartOf":{"@id":"https:\/\/insieme.ch\/fr\/#website"},"primaryImageOfPage":{"@id":"https:\/\/insieme.ch\/fr\/theme\/handicap-mental\/diagnostic\/#primaryimage"},"image":{"@id":"https:\/\/insieme.ch\/fr\/theme\/handicap-mental\/diagnostic\/#primaryimage"},"thumbnailUrl":"https:\/\/insieme.ch\/wp-inside\/uploads\/2021\/03\/handicap-mental-diagnostic.jpg","datePublished":"2021-03-04T15:35:38+00:00","dateModified":"2021-08-30T10:13:47+00:00","description":"Les examens ayant pour but de diagnostiquer une d\u00e9ficience sont g\u00e9n\u00e9ralement men\u00e9s durant l\u2019enfance. Des examens peuvent aussi \u00eatre r\u00e9alis\u00e9s \u00e0 l\u2019\u00e2ge adulte.","breadcrumb":{"@id":"https:\/\/insieme.ch\/fr\/theme\/handicap-mental\/diagnostic\/#breadcrumb"},"inLanguage":"fr-FR","potentialAction":[{"@type":"ReadAction","target":["https:\/\/insieme.ch\/fr\/theme\/handicap-mental\/diagnostic\/"]}]},{"@type":"ImageObject","inLanguage":"fr-FR","@id":"https:\/\/insieme.ch\/fr\/theme\/handicap-mental\/diagnostic\/#primaryimage","url":"https:\/\/insieme.ch\/wp-inside\/uploads\/2021\/03\/handicap-mental-diagnostic.jpg","contentUrl":"https:\/\/insieme.ch\/wp-inside\/uploads\/2021\/03\/handicap-mental-diagnostic.jpg","width":1024,"height":652,"caption":"La mesure par ultrasons est une des nombreuses proc\u00e9dures de diagnostic. Photo World Bank Photo Collection Flickr via Compfight CC."},{"@type":"BreadcrumbList","@id":"https:\/\/insieme.ch\/fr\/theme\/handicap-mental\/diagnostic\/#breadcrumb","itemListElement":[{"@type":"ListItem","position":1,"name":"Accueil","item":"https:\/\/insieme.ch\/fr\/"},{"@type":"ListItem","position":2,"name":"Th\u00e8mes","item":"https:\/\/insieme.ch\/fr\/theme\/"},{"@type":"ListItem","position":3,"name":"Handicap mental","item":"https:\/\/insieme.ch\/fr\/theme\/handicap-mental\/"},{"@type":"ListItem","position":4,"name":"Diagnostic"}]},{"@type":"WebSite","@id":"https:\/\/insieme.ch\/fr\/#website","url":"https:\/\/insieme.ch\/fr\/","name":"insieme.ch","description":"","publisher":{"@id":"https:\/\/insieme.ch\/fr\/#organization"},"potentialAction":[{"@type":"SearchAction","target":{"@type":"EntryPoint","urlTemplate":"https:\/\/insieme.ch\/fr\/?s={search_term_string}"},"query-input":{"@type":"PropertyValueSpecification","valueRequired":true,"valueName":"search_term_string"}}],"inLanguage":"fr-FR"},{"@type":"Organization","@id":"https:\/\/insieme.ch\/fr\/#organization","name":"insieme","url":"https:\/\/insieme.ch\/fr\/","logo":{"@type":"ImageObject","inLanguage":"fr-FR","@id":"https:\/\/insieme.ch\/fr\/#\/schema\/logo\/image\/","url":"https:\/\/insieme.ch\/wp-inside\/uploads\/2021\/03\/logo-insieme.jpg","contentUrl":"https:\/\/insieme.ch\/wp-inside\/uploads\/2021\/03\/logo-insieme.jpg","width":250,"height":250,"caption":"insieme"},"image":{"@id":"https:\/\/insieme.ch\/fr\/#\/schema\/logo\/image\/"}}]}},"_links":{"self":[{"href":"https:\/\/insieme.ch\/fr\/wp-json\/wp\/v2\/theme\/1759","targetHints":{"allow":["GET"]}}],"collection":[{"href":"https:\/\/insieme.ch\/fr\/wp-json\/wp\/v2\/theme"}],"about":[{"href":"https:\/\/insieme.ch\/fr\/wp-json\/wp\/v2\/types\/theme"}],"version-history":[{"count":5,"href":"https:\/\/insieme.ch\/fr\/wp-json\/wp\/v2\/theme\/1759\/revisions"}],"predecessor-version":[{"id":9907,"href":"https:\/\/insieme.ch\/fr\/wp-json\/wp\/v2\/theme\/1759\/revisions\/9907"}],"up":[{"embeddable":true,"href":"https:\/\/insieme.ch\/fr\/wp-json\/wp\/v2\/theme\/945"}],"wp:featuredmedia":[{"embeddable":true,"href":"https:\/\/insieme.ch\/fr\/wp-json\/wp\/v2\/media\/2473"}],"wp:attachment":[{"href":"https:\/\/insieme.ch\/fr\/wp-json\/wp\/v2\/media?parent=1759"}],"curies":[{"name":"wp","href":"https:\/\/api.w.org\/{rel}","templated":true}]}}

<p>Les examens permettant d’établir un diagnostic sont généralement réalisés durant l’enfance. Mais établir un diagnostic clair n’est pas toujours possible.</p>

<!-- This site is optimized with the Yoast SEO plugin v27.4 - https://yoast.com/product/yoast-seo-wordpress/ -->
<title>Diagnostic handicap mental, Diagnostic prénatal &amp; enfant</title>
<meta name="description" content="Les examens ayant pour but de diagnostiquer une déficience sont généralement menés durant l’enfance. Des examens peuvent aussi être réalisés à l’âge adulte." />
<meta name="robots" content="index, follow, max-snippet:-1, max-image-preview:large, max-video-preview:-1" />
<link rel="canonical" href="https://insieme.ch/fr/theme/handicap-mental/diagnostic/" />
<meta property="og:locale" content="fr_FR" />
<meta property="og:type" content="article" />
<meta property="og:title" content="Diagnostic handicap mental, Diagnostic prénatal &amp; enfant" />
<meta property="og:description" content="Les examens ayant pour but de diagnostiquer une déficience sont généralement menés durant l’enfance. Des examens peuvent aussi être réalisés à l’âge adulte." />
<meta property="og:url" content="https://insieme.ch/fr/theme/handicap-mental/diagnostic/" />
<meta property="og:site_name" content="insieme.ch" />
<meta property="article:modified_time" content="2021-08-30T10:13:47+00:00" />
<meta property="og:image" content="https://insieme.ch/wp-inside/uploads/2021/03/handicap-mental-diagnostic.jpg" />
	<meta property="og:image:width" content="1024" />
	<meta property="og:image:height" content="652" />
	<meta property="og:image:type" content="image/jpeg" />
<meta name="twitter:card" content="summary_large_image" />
<meta name="twitter:label1" content="Durée de lecture estimée" />
	<meta name="twitter:data1" content="5 minutes" />
<script type="application/ld+json" class="yoast-schema-graph">{"@context":"https:\/\/schema.org","@graph":[{"@type":"WebPage","@id":"https:\/\/insieme.ch\/fr\/theme\/handicap-mental\/diagnostic\/","url":"https:\/\/insieme.ch\/fr\/theme\/handicap-mental\/diagnostic\/","name":"Diagnostic handicap mental, Diagnostic prénatal & enfant","isPartOf":{"@id":"https:\/\/insieme.ch\/fr\/#website"},"primaryImageOfPage":{"@id":"https:\/\/insieme.ch\/fr\/theme\/handicap-mental\/diagnostic\/#primaryimage"},"image":{"@id":"https:\/\/insieme.ch\/fr\/theme\/handicap-mental\/diagnostic\/#primaryimage"},"thumbnailUrl":"https:\/\/insieme.ch\/wp-inside\/uploads\/2021\/03\/handicap-mental-diagnostic.jpg","datePublished":"2021-03-04T15:35:38+00:00","dateModified":"2021-08-30T10:13:47+00:00","description":"Les examens ayant pour but de diagnostiquer une déficience sont généralement menés durant l’enfance. Des examens peuvent aussi être réalisés à l’âge adulte.","breadcrumb":{"@id":"https:\/\/insieme.ch\/fr\/theme\/handicap-mental\/diagnostic\/#breadcrumb"},"inLanguage":"fr-FR","potentialAction":[{"@type":"ReadAction","target":["https:\/\/insieme.ch\/fr\/theme\/handicap-mental\/diagnostic\/"]}]},{"@type":"ImageObject","inLanguage":"fr-FR","@id":"https:\/\/insieme.ch\/fr\/theme\/handicap-mental\/diagnostic\/#primaryimage","url":"https:\/\/insieme.ch\/wp-inside\/uploads\/2021\/03\/handicap-mental-diagnostic.jpg","contentUrl":"https:\/\/insieme.ch\/wp-inside\/uploads\/2021\/03\/handicap-mental-diagnostic.jpg","width":1024,"height":652,"caption":"La mesure par ultrasons est une des nombreuses procédures de diagnostic. Photo World Bank Photo Collection Flickr via Compfight CC."},{"@type":"BreadcrumbList","@id":"https:\/\/insieme.ch\/fr\/theme\/handicap-mental\/diagnostic\/#breadcrumb","itemListElement":[{"@type":"ListItem","position":1,"name":"Accueil","item":"https:\/\/insieme.ch\/fr\/"},{"@type":"ListItem","position":2,"name":"Thèmes","item":"https:\/\/insieme.ch\/fr\/theme\/"},{"@type":"ListItem","position":3,"name":"Handicap mental","item":"https:\/\/insieme.ch\/fr\/theme\/handicap-mental\/"},{"@type":"ListItem","position":4,"name":"Diagnostic"}]},{"@type":"WebSite","@id":"https:\/\/insieme.ch\/fr\/#website","url":"https:\/\/insieme.ch\/fr\/","name":"insieme.ch","description":"","publisher":{"@id":"https:\/\/insieme.ch\/fr\/#organization"},"potentialAction":[{"@type":"SearchAction","target":{"@type":"EntryPoint","urlTemplate":"https:\/\/insieme.ch\/fr\/?s={search_term_string}"},"query-input":{"@type":"PropertyValueSpecification","valueRequired":true,"valueName":"search_term_string"}}],"inLanguage":"fr-FR"},{"@type":"Organization","@id":"https:\/\/insieme.ch\/fr\/#organization","name":"insieme","url":"https:\/\/insieme.ch\/fr\/","logo":{"@type":"ImageObject","inLanguage":"fr-FR","@id":"https:\/\/insieme.ch\/fr\/#\/schema\/logo\/image\/","url":"https:\/\/insieme.ch\/wp-inside\/uploads\/2021\/03\/logo-insieme.jpg","contentUrl":"https:\/\/insieme.ch\/wp-inside\/uploads\/2021\/03\/logo-insieme.jpg","width":250,"height":250,"caption":"insieme"},"image":{"@id":"https:\/\/insieme.ch\/fr\/#\/schema\/logo\/image\/"}}]}</script>
<!-- / Yoast SEO plugin. -->

Diagnostic handicap mental, Diagnostic prénatal & enfant

Les examens ayant pour but de diagnostiquer une déficience sont généralement menés durant l’enfance. Des examens peuvent aussi être réalisés à l’âge adulte.

La mesure par ultrasons est une des nombreuses procédures de diagnostic. Photo World Bank Photo Collection Flickr via Compfight CC.

Thèmes
