{"version":"1.0","provider_name":"insieme.ch","provider_url":"https:\/\/insieme.ch\/fr\/","title":"CDPH\u00a0: une mise en \u0153uvre lacunaire","type":"rich","width":600,"height":338,"html":"<blockquote class=\"wp-embedded-content\" data-secret=\"UzOvu4EWY4\"><a href=\"https:\/\/insieme.ch\/fr\/news\/vie-professionnelle\/cdph-une-mise-en-oeuvre-lacunaire\/\">CDPH&#160;: une mise en \u0153uvre lacunaire<\/a><\/blockquote><iframe sandbox=\"allow-scripts\" security=\"restricted\" src=\"https:\/\/insieme.ch\/fr\/news\/vie-professionnelle\/cdph-une-mise-en-oeuvre-lacunaire\/embed\/#?secret=UzOvu4EWY4\" width=\"600\" height=\"338\" title=\"\u00ab\u00a0CDPH&#160;: une mise en \u0153uvre lacunaire\u00a0\u00bb &#8212; insieme.ch\" data-secret=\"UzOvu4EWY4\" frameborder=\"0\" marginwidth=\"0\" marginheight=\"0\" scrolling=\"no\" class=\"wp-embedded-content\"><\/iframe><script type=\"text\/javascript\">\n\/* <![CDATA[ *\/\n\/*! This file is auto-generated *\/\n!function(d,l){\"use strict\";l.querySelector&&d.addEventListener&&\"undefined\"!=typeof URL&&(d.wp=d.wp||{},d.wp.receiveEmbedMessage||(d.wp.receiveEmbedMessage=function(e){var t=e.data;if((t||t.secret||t.message||t.value)&&!\/[^a-zA-Z0-9]\/.test(t.secret)){for(var s,r,n,a=l.querySelectorAll('iframe[data-secret=\"'+t.secret+'\"]'),o=l.querySelectorAll('blockquote[data-secret=\"'+t.secret+'\"]'),c=new RegExp(\"^https?:$\",\"i\"),i=0;i<o.length;i++)o[i].style.display=\"none\";for(i=0;i<a.length;i++)s=a[i],e.source===s.contentWindow&&(s.removeAttribute(\"style\"),\"height\"===t.message?(1e3<(r=parseInt(t.value,10))?r=1e3:~~r<200&&(r=200),s.height=r):\"link\"===t.message&&(r=new URL(s.getAttribute(\"src\")),n=new URL(t.value),c.test(n.protocol))&&n.host===r.host&&l.activeElement===s&&(d.top.location.href=t.value))}},d.addEventListener(\"message\",d.wp.receiveEmbedMessage,!1),l.addEventListener(\"DOMContentLoaded\",function(){for(var e,t,s=l.querySelectorAll(\"iframe.wp-embedded-content\"),r=0;r<s.length;r++)(t=(e=s[r]).getAttribute(\"data-secret\"))||(t=Math.random().toString(36).substring(2,12),e.src+=\"#?secret=\"+t,e.setAttribute(\"data-secret\",t)),e.contentWindow.postMessage({message:\"ready\",secret:t},\"*\")},!1)))}(window,document);\n\/\/# sourceURL=https:\/\/insieme.ch\/wp-includes\/js\/wp-embed.min.js\n\/* ]]> *\/\n<\/script>\n","thumbnail_url":"https:\/\/insieme.ch\/wp-inside\/uploads\/2022\/03\/inclusion-handicap.jpg","thumbnail_width":2000,"thumbnail_height":1333,"description":"En mars 2022, la Suisse sera \u00e9valu\u00e9e pour la premi\u00e8re fois sur sa mise en oeuvre de la Convention de l\u2019ONU relative aux droits des personnes handicap\u00e9es (CDPH). La Suisse estime qu\u2019elle remplit d\u00e9j\u00e0 largement les obligations d\u00e9coulant de la CDPH. Le constat du Rapport alternatif \u00e9labor\u00e9 par Inclusion Handicap \u00e0 l\u2019intention du Comit\u00e9 des droits des personnes handicap\u00e9es est clair: la Suisse est encore loin de satisfaire aux exigences de la CDPH. La participation, le libre choix et l\u2019inclusion des personnes en situation de handicap ne sont pas garantis."}

CDPH : une mise en œuvre lacunaire

<blockquote class="wp-embedded-content" data-secret="UzOvu4EWY4"><a href="https://insieme.ch/fr/news/vie-professionnelle/cdph-une-mise-en-oeuvre-lacunaire/">CDPH&#160;: une mise en œuvre lacunaire</a></blockquote><iframe sandbox="allow-scripts" security="restricted" src="https://insieme.ch/fr/news/vie-professionnelle/cdph-une-mise-en-oeuvre-lacunaire/embed/#?secret=UzOvu4EWY4" width="600" height="338" title="« CDPH&#160;: une mise en œuvre lacunaire » &#8212; insieme.ch" data-secret="UzOvu4EWY4" frameborder="0" marginwidth="0" marginheight="0" scrolling="no" class="wp-embedded-content"></iframe><script type="text/javascript">
/* <![CDATA[ */
/*! This file is auto-generated */
!function(d,l){"use strict";l.querySelector&&d.addEventListener&&"undefined"!=typeof URL&&(d.wp=d.wp||{},d.wp.receiveEmbedMessage||(d.wp.receiveEmbedMessage=function(e){var t=e.data;if((t||t.secret||t.message||t.value)&&!/[^a-zA-Z0-9]/.test(t.secret)){for(var s,r,n,a=l.querySelectorAll('iframe[data-secret="'+t.secret+'"]'),o=l.querySelectorAll('blockquote[data-secret="'+t.secret+'"]'),c=new RegExp("^https?:$","i"),i=0;i<o.length;i++)o[i].style.display="none";for(i=0;i<a.length;i++)s=a[i],e.source===s.contentWindow&&(s.removeAttribute("style"),"height"===t.message?(1e3<(r=parseInt(t.value,10))?r=1e3:~~r<200&&(r=200),s.height=r):"link"===t.message&&(r=new URL(s.getAttribute("src")),n=new URL(t.value),c.test(n.protocol))&&n.host===r.host&&l.activeElement===s&&(d.top.location.href=t.value))}},d.addEventListener("message",d.wp.receiveEmbedMessage,!1),l.addEventListener("DOMContentLoaded",function(){for(var e,t,s=l.querySelectorAll("iframe.wp-embedded-content"),r=0;r<s.length;r++)(t=(e=s[r]).getAttribute("data-secret"))||(t=Math.random().toString(36).substring(2,12),e.src+="#?secret="+t,e.setAttribute("data-secret",t)),e.contentWindow.postMessage({message:"ready",secret:t},"*")},!1)))}(window,document);
//# sourceURL=https://insieme.ch/wp-includes/js/wp-embed.min.js
/* ]]> */
</script>

En mars 2022, la Suisse sera évaluée pour la première fois sur sa mise en oeuvre de la Convention de l’ONU relative aux droits des personnes handicapées (CDPH). La Suisse estime qu’elle remplit déjà largement les obligations découlant de la CDPH. Le constat du Rapport alternatif élaboré par Inclusion Handicap à l’intention du Comité des droits des personnes handicapées est clair: la Suisse est encore loin de satisfaire aux exigences de la CDPH. La participation, le libre choix et l’inclusion des personnes en situation de handicap ne sont pas garantis.
